 4*b - 25, 15 = -3*k. What is the remainder when 120/(-3 - -7) - 1 is divided by b?
9
Let z = 75 - 60. Calculate the remainder when 0 + 58/1 + 0 is divided by z.
13
Suppose 2*d - 5 = -1. Let g be ((-1)/(-1))/((-2)/(-12)). Suppose 4*o - 10 = g. Calculate the remainder when o is divided by d.
0
Suppose -4*j + 15 = -37. Let k(d) = -39*d - 2. What is the remainder when k(-2) is divided by j?
11
Let z(a) = -a**2 + 8*a - 6. Let m = -2 + 23. What is the remainder when m is divided by z(6)?
3
Let w(q) = q**3 - 3*q**2 + 4*q - 2. Suppose 0 = -0*m - m, 2*m = 3*n - 21. Calculate the remainder when n is divided by w(2).
1
Suppose -5*z + 7*z = -2*k + 48, 0 = 5*k - 4*z - 93. Calculate the remainder when 35 is divided by k.
14
Suppose 0 = 3*y - 12. Let t(s) = s**3 - 4*s**2 + s + 4. Calculate the remainder when 22 is divided by t(y).
6
Suppose a - 7*l - 12 = -2*l, 60 = 5*a - 5*l. Suppose -3 = -3*y - a. What is the remainder when 29 is divided by (-28)/y + (-4)/(-6)?
9
Let v(n) = -n + 18. Calculate the remainder when 45 is divided by v(6).
9
Let j(x) = x**3 - 3*x**2 - x. Suppose 1 + 23 = 2*c. Calculate the remainder when j(5) is divided by c.
9
Let o(p) = 2*p**2 - p. Calculate the remainder when 42 is divided by o(3).
12
Let q(g) = 14*g**2 + 2*g - 1. Suppose 0 = -2*y - 1 + 3. What is the remainder when 44 is divided by q(y)?
14
Let t(u) = -u**2 + 13*u - 36. What is the remainder when 10 is divided by t(7)?
4
Suppose 3*x - 555 = -201. What is the remainder when x is divided by 20?
18
Let p(g) = 4*g + 2. What is the remainder when 17 is divided by p(2)?
7
Let j(o) = -2*o**3 - 4*o**2 + 13*o + 10. Calculate the remainder when j(-5) is divided by 49.
46
Suppose 0 = -a - h - 3 + 6, 0 = 3*h. Let l = a - -1. What is the remainder when l is divided by 3?
1
Let g(q) = 16*q**2 - q - 1. Calculate the remainder when 30 is divided by g(-1).
14
Let x(s) = 5*s**3 - s**2 + 2*s - 1. Let u be x(1). Suppose 1 = -2*a - u*r + 17, 5*a = -3*r + 21. What is the remainder when 0 - -2 - (0 + -1) is divided by a?
0
Suppose 5*w = 3*q - 4*q + 136, 0 = -w - q + 24. Calculate the remainder when 1323/w - (-2)/(-8) is divided by 12.
11
Let p = 0 + 2. Suppose p*h + z + 2*z = 45, 2*z = -2*h + 46. Let s = -3 + 16. What is the remainder when h is divided by s?
11
Let b(c) = -2*c - 1. Let y be b(-4). Let j = y + 0. What is the remainder when 20 is divided by j?
6
Let w(z) = -z**2 + 3*z. Let r be w(3). Let n = 11 + r. Calculate the remainder when 21 is divided by n.
10
Let b(k) = k**2 + 8*k + 11. Let h be ((-48)/(-18))/((-2)/6). Calculate the remainder when b(h) is divided by 3.
2
Let y = -320 - -329. Let r = 11 - 7. Suppose r*v - 30 = -v. What is the remainder when y is divided by v?
3
Suppose 0 = -0*d + 4*d - 3*u - 59, 0 = -d + 4*u + 18. Let n = -2 + 7. Let t = d - n. What is the remainder when 26 is divided by t?
8
Let m(w) = 8*w + 2. What is the remainder when 101 is divided by m(3)?
23
Let j = 59 - 46. Let k(r) = 13*r - 1. Suppose -5*z - 2*t = -23, 0*t = 3*z + 4*t - 25. Calculate the remainder when k(z) is divided by j.
12
Suppose -9*b = -5*b - 60. Suppose -1 = -2*z + b. Calculate the remainder when 15 is divided by z.
7
Let b(n) = -8*n + 1. Let v be (-2)/4 + (-159)/(-6). Calculate the remainder when b(-5) is divided by 22/143 + 360/v.
13
Let w = 2 + 13. What is the remainder when 42 is divided by w?
12
Suppose -3*g = 104 - 296. Let h(y) = -y**3 + 4*y**2 + 7*y + 1. Calculate the remainder when g is divided by h(5).
9
Let d(u) = u**3 - 9*u**2 - 11*u + 8. Let q be d(10). Calculate the remainder when 19 is divided by 70/(-15)*3/q.
5
Suppose 4*p - 216 = -4*s, -4*p = -s - 6 + 80. What is the remainder when s is divided by 20/(-3)*(2 - 5)?
18
Suppose 8*z - 79 - 33 = 0. Calculate the remainder when 55 is divided by z.
13
Let m be -1 + 0 - (0 + 2). Let v = m + 7. Calculate the remainder when 0/(-2) - (-15 + 1) is divided by v.
2
Let m(w) = -2*w - 13. Let v be (-1 + (1 - 2))*5. Suppose -24 = -3*a + a. What is the remainder when a is divided by m(v)?
5
Let d(l) = 4*l - 17. Let f be d(9). Let b = -2 + f. What is the remainder when b is divided by 6?
5
Suppose -4*p - 31 = -95. What is the remainder when p is divided by 6?
4
Let y(t) = 3*t**2 - 3*t - 4. Calculate the remainder when y(-3) is divided by (1 + 0)/(-1)*-17.
15
Let p = -117 - -214. Calculate the remainder when p is divided by 10.
7
Suppose 3*s - 13 = -u, 3*u + 3 = s + 12. What is the remainder when 25 is divided by 12 + (u + 0 - 3)?
12
Suppose a = 5*a - 68. Calculate the remainder when 64 is divided by a.
13
Let z(h) = h**2 - 1. Let q be z(-2). Let v = -1 + q. Suppose 7*i = v*i + 160. Calculate the remainder when i is divided by 17.
15
Suppose 0 = -4*b + 61 + 3. What is the remainder when b is divided by 6?
4
Suppose 2*i + 0*n + 4*n - 154 = 0, 3*n - 357 = -5*i. Let c = i - 173. What is the remainder when 35/14*c/(-10) is divided by 7?
5
What is the remainder when 22/165 + (-3986)/(-30) is divided by 27?
25
Let x = -1 - -1. Let a(f) = -f + 3 + f**2 + 6*f**2 - 8*f**2. Calculate the remainder when 5 is divided by a(x).
2
Let w(b) = -4*b**3 + b**2 + 1. Calculate the remainder when w(-2) is divided by 13.
11
Let k be (0 + 2)/(2 + 0). Let h(f) be the first derivative of 7*f**4 + f**2/2 - f + 1. Calculate the remainder when h(k) is divided by 10.
8
Let b(v) = -v**3 - 8*v**2 - 11*v - 14. Let z(a) = -4*a + 7. Calculate the remainder when z(-5) is divided by b(-7).
13
Let d = 48 + -42. Calculate the remainder when 15 is divided by d.
3
Let z = 181 + -61. What is the remainder when z is divided by 31?
27
Suppose -b - 3*o = 0, 5*b + 2*o - 17 = 4*o. Suppose 10 = -5*r, h + r = b*r + 14. Calculate the remainder when 38 is divided by h.
8
Suppose 4*w - 5*w = -3*y + 115, 3*w = -4*y + 149. Calculate the remainder when y is divided by 14.
10
Let y(m) be the first derivative of 2*m**2 - 2. Suppose 4*i = -g + 23, -31 = -3*i + g + g. What is the remainder when i is divided by y(1)?
3
Suppose 0 = -2*x + 3*x - 27. Suppose j = -k + 25 + x, 5*j = -k + 272. Calculate the remainder when j is divided by 14.
13
Suppose 7 - 60 = -m. Calculate the remainder when m is divided by 9.
8
Let a = -15 + 43. Suppose -z = -5*u + 12, -5*z - 1 = 2*u + 5. Suppose 4*t - 56 = u*b - 6*b, 0 = -2*t - 4*b + 26. What is the remainder when a is divided by t?
13
Suppose 3*r = -5*p - 646, 0*r + 126 = -p + r. Let d(v) = -v**3 - 7*v**2 - 7*v + 4. Let u be d(-6). What is the remainder when p/(-22) + u/55 is divided by 4?
2
Suppose 2*s - 4 + 6 = 0, 5*j = 3*s + 743. What is the remainder when j is divided by 30?
28
Suppose 0 = 12*a + 23 - 143. Let y = 23 - -34. What is the remainder when y is divided by a?
7
Let h(b) = -9*b + 2. Let t be h(-2). Suppose 3*z = 0, 0*i + 2*i + 2*z - t = 0. What is the remainder when 28 is divided by i?
8
Let x(c) = -c**3 - 3*c**2 + 9*c + 5. Calculate the remainder when x(-6) is divided by 15.
14
Suppose 3*o - 252 = -4*l, -5*o + 254 = l - 183. What is the remainder when o is divided by 18?
16
Let b = -12 + 43. Let n = 4 - 15. Let q = n + b. What is the remainder when 38 is divided by q?
18
Let z be (-14)/(((-20)/94)/5). Let r be (0 + (-1 - 0))*-4. Suppose 0 = 2*a + 4, -3*a + z = k + r*k. Calculate the remainder when k is divided by 23.
21
Suppose 7*a - 3*a - 8 = 0. Let j be 1/((-2)/((-12)/a)). Suppose 80 + 73 = j*b. What is the remainder when b is divided by 13?
12
Suppose 4*u - 60 = u. Suppose 0 = 3*z + 2*z - u. Suppose 3*b - b - 12 = 0. Calculate the remainder when b is divided by z.
2
Let l(u) = -u**3 + 8*u**2 - 3*u - 3. Suppose 0 = 3*q - 3 - 6. What is the remainder when l(q) is divided by 12?
9
Suppose 304 = 3*a - 257. Let o = a + -71. Suppose -2*y + 0*y = 4*k - 58, 4*y - 4*k - o = 0. Calculate the remainder when y is divided by 15.
14
Suppose 4*q + 39 = 255. Suppose l + 2*l = q. What is the remainder when l is divided by 5?
3
Let c(m) = -m**2 + 14*m + 3. Calculate the remainder when c(11) is divided by 20.
16
Suppose -m + 2*m - 8 = 0. Suppose -3*u + 43 = -23. Calculate the remainder when u is divided by m.
6
Let x be (15/(-6))/(3/(-78)). Suppose -10 + x = 5*q. Calculate the remainder when 32 is divided by q.
10
Suppose 82*m = 87*m - 35. What is the remainder when 25 is divided by m?
4
Suppose -12 = -5*k + 3*k. What is the remainder when 10 is divided by k?
4
Let y(t